 4.
3
What is the remainder when (-72)/8*-94 + (-4)/2 is divided by 16?
12
Let g be ((-1)/6 - (-39)/18)/1. Suppose g = n, -v = -3*n - n - 44. Let l = 12 + 6. Calculate the remainder when v is divided by l.
16
Let p(a) = -a**3 + a**2 - a - 1. Suppose 0 = 7*w - 1356 + 1335. What is the remainder when w is divided by p(-1)?
1
Let g = 6 - 1. Let d = -9 - -28. Calculate the remainder when d is divided by g.
4
Let l = 1187 + -1177. What is the remainder when ((-4)/(-1))/(4/26) is divided by l?
6
Suppose i - 11 = 3*g, -8*i + 5*g + 45 = -3*i. Let x(n) = -n**2 - 7*n + 11. Let w be x(-9). Let h = w + 30. What is the remainder when h is divided by i?
7
Let m(d) = d**2 + 6*d - 4. Let x be m(-7). Suppose -u + 4*u = -x. What is the remainder when u*5*(-6 - -5) is divided by 3?
2
Suppose 0 = -6*n + 21*n - 405. What is the remainder when 78 is divided by n?
24
Let y(z) = z**3 - 6*z**2 + 4*z. Let j be y(7). Suppose -4*r + v = -4*v - 368, -r = -5*v - j. What is the remainder when r is divided by 50?
47
Let c(x) = x - 7. Let l be c(7). Suppose -i + l*i + 9 = 0. What is the remainder when i is divided by 4?
1
Suppose -q - 2*v = v - 17, -20 = -5*v. What is the remainder when (-20)/1*(-4)/q is divided by -2 - 77/(-28) - 66/(-8)?
7
Let i be 9 + -7 + 68/(0 + 1). What is the remainder when 32 is divided by (5 + i/(-5))*(-1)/1?
5
Let b = -4 - -9. Calculate the remainder when 6/((-7)/(-56)*4) is divided by b.
2
Let m(k) = 5*k + 4. Let d be m(-2). Let w be 6/d - 4*3. Let q = w - -17. What is the remainder when 6 is divided by q?
2
Suppose 0*h = -h + 43. Suppose -k = 3*f - 14, -f + 5*k = 23 - 33. Suppose 4*j - 4*o + 2*o = 32, -f*j = -4*o - h. What is the remainder when 25 is divided by j?
4
Let z be (-1010)/15*(-27)/6. Suppose 0 = 8*o + z - 951. Calculate the remainder when o is divided by 14.
11
Let o = -111 + 102. Let f(p) = 2*p**2 + 15*p. Suppose -22 = -y - 2*r, 101 - 30 = 5*y - 3*r. What is the remainder when f(o) is divided by y?
11
What is the remainder when ((-15)/(-9))/(5/42) is divided by 8?
6
Suppose 8*b - 2151 + 239 = 0. What is the remainder when b is divided by 27?
23
Let h = -140 + 144. What is the remainder when (-2 + -35)/(2/(-4)) is divided by h - 490/(-45) - 2/(-18)?
14
Suppose -22*z + 48 = -10*z. Let s(t) = -3 + 0 + 2*t**2 + 3*t - t**3 + 2*t**2. What is the remainder when s(z) is divided by 5?
4
Suppose 14 = 2*z + 3*z + 3*c, -2*z + 16 = -4*c. Suppose -4*q = -2*s - 38 + 8, 3*s - 27 = -2*q. Calculate the remainder when q is divided by z.
1
Let g(l) = -5*l. Let d be g(-1). Suppose -v = -d - 4. Suppose v*h - 70 = 4*h. Calculate the remainder when 53 is divided by h.
11
Suppose -6*f + 17*f - 99 = 0. Suppose 2*l - 3 = n, 0 = -3*n - 5*l + 23 + 12. What is the remainder when f is divided by n?
4
Let t = -22 - -44. Suppose 39 = 2*f - 2*a + 5, -40 = -2*f + 4*a. What is the remainder when (7 - (6 - 2))*t is divided by f?
10
Suppose -18*k + 4375 = 1333. What is the remainder when k is divided by 19?
17
Let f(a) = a - 7. Let n be (3/6)/(2/(-8)). Let h be 12 - (-5 + n + 3). What is the remainder when f(h) is divided by 4?
1
Suppose -2*z + 64 = -0*z. Suppose -r + 5*r = a - 90, 2*a + 2*r - 180 = 0. Let j = 35 + a. Calculate the remainder when j is divided by z.
29
Suppose 14*j - 654 = 11*j. Calculate the remainder when j is divided by 44.
42
Suppose -24 = -7*l + 3*l. Let s(u) = 0*u**2 - 86 - u + 85 + 5*u**2. What is the remainder when s(-2) is divided by l?
3
Suppose -5*c + 5*q - 9*q + 322 = 0, 2*q + 70 = c. Calculate the remainder when 195 is divided by c.
63
Let j be (1 - -3 - -1)/(-1). Let p(w) = w**2 + 5*w + 4. Let f(d) = -d + 1. What is the remainder when f(-4) is divided by p(j)?
1
Let d = 145 + 78. What is the remainder when d is divided by 45?
43
Let o = 0 + 16. Suppose -i = 3*j - o, -i + 24 = 7*j - 2*j. Suppose 0 = -4*y + j*c + 124, 2*c - 10 = -4. What is the remainder when y is divided by 12?
10
Let z = -2 - -4. Suppose -619 = -4*s - i, 0*s + i = z*s - 317. Calculate the remainder when 88 is divided by (-30)/4*s/(-65).
16
Let q = 1001 - 962. Suppose -3*b = d - 4 - 10, -d + 3*b = 10. Suppose 4*s - d = 5*s + 4*f, 0 = 5*s + 3*f - 58. What is the remainder when q is divided by s?
11
Suppose 3*m - 4*z = 3, -4*m + 4*z + 10 - 2 = 0. Suppose 3*w - 2*w = 4*b - m, 5*b = 4*w - 24. Calculate the remainder when 54 is divided by w.
10
Let j = 2 - 1. Let u(n) = n**2 + 1. What is the remainder when u(j) is divided by 4 - (-2)/((-4)/6)?
0
Suppose 5*t = 0, 5*o - 304 - 1076 = 3*t. Let z = 391 - o. What is the remainder when z is divided by 29?
28
Suppose 15 = 2*k + k. Let x(u) = -u**3 + 7*u**2 - 6*u + 3. What is the remainder when 44 is divided by x(k)?
21
Suppose 39*v = 30*v + 1980. What is the remainder when v is divided by 16?
12
Let s(b) = 4*b**2 - 8*b + 8. Let o(p) = -p**3 + 8*p**2 - 6*p - 1. Let k be o(7). Let u be s(k). Let i = -68 + u. What is the remainder when i is divided by 13?
10
Let f = -124 + 154. Let t = -51 + 180. Let j = t + -72. What is the remainder when j is divided by f?
27
Suppose 0*k = 5*k - 415. What is the remainder when k is divided by (2/6)/(19/684)?
11
Suppose -824 = -6*r - 230. Calculate the remainder when 109 is divided by r.
10
Let u be 6/(-6) + (-38)/2. Suppose 0 = 2*c + 3*v - 17, -3*v + 15 = 2*c + 2*v. What is the remainder when c is divided by 6/8 + (-105)/u?
4
Suppose 4*u - 94 = -2*f, 4*f = -10*u + 7*u + 203. Suppose 7 = y - 7. Calculate the remainder when f is divided by y.
11
Calculate the remainder when (336 - -19) + (-12)/2 is divided by 35.
34
Suppose l - 7 = 8. Suppose 105 = 3*q - 4*f, 220*q + 5*f - 132 = 217*q. Calculate the remainder when q is divided by l.
9
Let f(i) = 3*i**2 + 3*i + 18. Calculate the remainder when 209 is divided by f(-4).
47
Suppose 15*g - 286 + 106 = 0. Let u = 3 + 2. Calculate the remainder when g is divided by u.
2
Let z = 248 + -100. What is the remainder when z is divided by 77?
71
Suppose 181 = 20*x - 279. Calculate the remainder when 226 is divided by x.
19
Let j(u) = u**3 + 5*u**2 + 4*u + 3. Let o(d) = -d + 84. What is the remainder when o(41) is divided by j(-3)?
7
Suppose 0 = -14*h + 11*h + 177. Let m = -43 + h. Let i(v) = v**2 + 47. Calculate the remainder when i(0) is divided by m.
15
Let r(c) = c**2 - 2*c - 23. Let y be r(-6). Suppose 5*z - u - y - 45 = 0, 3*z + 4*u = 19. What is the remainder when z is divided by 8?
5
Suppose -5*p + 50 = -15. Calculate the remainder when ((-20)/(-50))/(1/60) is divided by p.
11
Suppose 4*w - 310 = 10. Let j = w + -64. Suppose 30 = 2*o + o. What is the remainder when j is divided by o?
6
Let d = -210 - -49. Let i = -110 - d. What is the remainder when i is divided by 27?
24
Suppose -2*u + 231 = -453. What is the remainder when u is divided by 70?
62
Let v be (-84)/16*12/(-9). Suppose 0 = -v*s + 12*s + 210. Calculate the remainder when 27 is divided by 8/(-6)*s/8.
6
Let u = 1 - 12. Calculate the remainder when (-3105)/(-165) + (-2)/u is divided by 5.
4
Let g(a) = -a**2 + 4*a + 4. Let o be g(4). Suppose -q = -o*p - 4*q + 295, -3*p + 215 = q. What is the remainder when p is divided by 18?
16
Suppose -4*r + 3*o + 256 + 148 = 0, 2*r - 2*o = 204. Suppose -4*g + 47 = -53. Calculate the remainder when r is divided by g.
23
Suppose 4*p + 367 = 7*p + 4*d, 0 = -2*d + 2. Suppose p = 4*f - 843. Suppose l = 4*j + 52, f = 2*l + l + 5*j. Calculate the remainder when l is divided by 25.
22
Let j(r) = -19*r + 14. Calculate the remainder when 73 is divided by j(0).
3
Let o = -364 + 476. What is the remainder when o is divided by 31?
19
Let a(v) = -4*v + 10. Let r be a(4). What is the remainder when 128 is divided by 3 + -1*(-3 + r)?
8
Let r = -75 + 68. Calculate the remainder when 92 is divided by 62*(4 + r)/(-6).
30
Let s(l) = 2*l**2 + 37*l - 92. Calculate the remainder when 44 is divided by s(-21).
5
Suppose -1763*d = -1767*d + 80. Calculate the remainder when 79 is divided by d.
19
Let q(w) = 13*w**3 + 2*w**2 - w. Suppose -4*s - u = 58 - 217, -2*u - 122 = -3*s. Calculate the remainder when s is divided by q(1).
12
Suppose 67*j - 53*j - 364 = 0. Calculate the remainder when 50 is divided by j.
24
Let a = -783 + 3617. What is the remainder when a is divided by 135?
134
Suppose 3*q = -q + 4*a + 492, 5*a - 218 = -2*q. Let m = q + -40. What is the remainder when m is divided by (48/(-